[INFO] cloning repository https://github.com/selenologist/autovaporwave
[INFO] running `Command { std: "git" "-c" "credential.helper=" "-c" "credential.helper=/workspace/cargo-home/bin/git-credential-null" "clone" "--bare" "https://github.com/selenologist/autovaporwave" "/workspace/cache/git-repos/https%3A%2F%2Fgithub.com%2Fselenologist%2Fautovaporwave", kill_on_drop: false }`
[INFO] [stderr] Cloning into bare repository '/workspace/cache/git-repos/https%3A%2F%2Fgithub.com%2Fselenologist%2Fautovaporwave'...
[INFO] running `Command { std: "git" "rev-parse" "HEAD", kill_on_drop: false }`
[INFO] [stdout] 9433be2f83e4491cfbea093b0c39009989c00ad6
[INFO] checking selenologist/autovaporwave against master#cfbc6d4cf1acbac5c025acf8ed68929caa551df3 for pr-75494-beta
[INFO] running `Command { std: "git" "clone" "/workspace/cache/git-repos/https%3A%2F%2Fgithub.com%2Fselenologist%2Fautovaporwave" "/workspace/builds/worker-3/source", kill_on_drop: false }`
[INFO] [stderr] Cloning into '/workspace/builds/worker-3/source'...
[INFO] [stderr] done.
[INFO] validating manifest of git repo https://github.com/selenologist/autovaporwave on toolchain cfbc6d4cf1acbac5c025acf8ed68929caa551df3
[INFO] running `Command { std: "/workspace/cargo-home/bin/cargo" "+cfbc6d4cf1acbac5c025acf8ed68929caa551df3" "read-manifest" "--manifest-path" "Cargo.toml", kill_on_drop: false }`
[INFO] started tweaking git repo https://github.com/selenologist/autovaporwave
[INFO] finished tweaking git repo https://github.com/selenologist/autovaporwave
[INFO] tweaked toml for git repo https://github.com/selenologist/autovaporwave written to /workspace/builds/worker-3/source/Cargo.toml
[INFO] crate git repo https://github.com/selenologist/autovaporwave already has a lockfile, it will not be regenerated
[INFO] running `Command { std: "/workspace/cargo-home/bin/cargo" "+cfbc6d4cf1acbac5c025acf8ed68929caa551df3" "fetch" "--locked" "--manifest-path" "Cargo.toml", kill_on_drop: false }`
[INFO] running `Command { std: "docker" "create" "-v" "/var/lib/crater-agent-workspace/builds/worker-3/target:/opt/rustwide/target:rw,Z" "-v" "/var/lib/crater-agent-workspace/builds/worker-3/source:/opt/rustwide/workdir:ro,Z" "-v" "/var/lib/crater-agent-workspace/cargo-home:/opt/rustwide/cargo-home:ro,Z" "-v" "/var/lib/crater-agent-workspace/rustup-home:/opt/rustwide/rustup-home:ro,Z" "-e" "SOURCE_DIR=/opt/rustwide/workdir" "-e" "CARGO_TARGET_DIR=/opt/rustwide/target" "-e" "CARGO_HOME=/opt/rustwide/cargo-home" "-e" "RUSTUP_HOME=/opt/rustwide/rustup-home" "-w" "/opt/rustwide/workdir" "-m" "1610612736" "--user" "0:0" "--network" "none" "rustops/crates-build-env@sha256:a636fd89d022f18117e1dc8fb37a0a009933cdbbe082814857f0e2024962d47c" "/opt/rustwide/cargo-home/bin/cargo" "+cfbc6d4cf1acbac5c025acf8ed68929caa551df3" "metadata" "--no-deps" "--format-version=1", kill_on_drop: false }`
[INFO] [stderr] WARNING: Your kernel does not support swap limit capabilities or the cgroup is not mounted. Memory limited without swap.
[INFO] [stdout] e4e03edb9b6c6ebed3a79eaf0284865b05ba88e91b2c6d76c404a3e28fecc6a3
[INFO] running `Command { std: "docker" "start" "-a" "e4e03edb9b6c6ebed3a79eaf0284865b05ba88e91b2c6d76c404a3e28fecc6a3", kill_on_drop: false }`
[INFO] running `Command { std: "docker" "inspect" "e4e03edb9b6c6ebed3a79eaf0284865b05ba88e91b2c6d76c404a3e28fecc6a3", kill_on_drop: false }`
[INFO] running `Command { std: "docker" "rm" "-f" "e4e03edb9b6c6ebed3a79eaf0284865b05ba88e91b2c6d76c404a3e28fecc6a3", kill_on_drop: false }`
[INFO] [stdout] e4e03edb9b6c6ebed3a79eaf0284865b05ba88e91b2c6d76c404a3e28fecc6a3
[INFO] running `Command { std: "docker" "create" "-v" "/var/lib/crater-agent-workspace/builds/worker-3/target:/opt/rustwide/target:rw,Z" "-v" "/var/lib/crater-agent-workspace/builds/worker-3/source:/opt/rustwide/workdir:ro,Z" "-v" "/var/lib/crater-agent-workspace/cargo-home:/opt/rustwide/cargo-home:ro,Z" "-v" "/var/lib/crater-agent-workspace/rustup-home:/opt/rustwide/rustup-home:ro,Z" "-e" "SOURCE_DIR=/opt/rustwide/workdir" "-e" "CARGO_TARGET_DIR=/opt/rustwide/target" "-e" "CARGO_INCREMENTAL=0" "-e" "RUST_BACKTRACE=full" "-e" "RUSTFLAGS=--cap-lints=forbid" "-e" "CARGO_HOME=/opt/rustwide/cargo-home" "-e" "RUSTUP_HOME=/opt/rustwide/rustup-home" "-w" "/opt/rustwide/workdir" "-m" "1610612736" "--user" "0:0" "--network" "none" "rustops/crates-build-env@sha256:a636fd89d022f18117e1dc8fb37a0a009933cdbbe082814857f0e2024962d47c" "/opt/rustwide/cargo-home/bin/cargo" "+cfbc6d4cf1acbac5c025acf8ed68929caa551df3" "check" "--frozen" "--all" "--all-targets" "--message-format=json", kill_on_drop: false }`
[INFO] [stdout] 57b65575dcfc88436acff337652d58a0fd9f89f92dfe65edd2efd68edc2671cf
[INFO] [stderr] WARNING: Your kernel does not support swap limit capabilities or the cgroup is not mounted. Memory limited without swap.
[INFO] running `Command { std: "docker" "start" "-a" "57b65575dcfc88436acff337652d58a0fd9f89f92dfe65edd2efd68edc2671cf", kill_on_drop: false }`
[INFO] [stderr]     Checking autovaporwave v0.1.0 (/opt/rustwide/workdir)
[INFO] [stdout] error[E0554]: `#![feature]` may not be used on the beta release channel
[INFO] [stdout]  --> src/main.rs:1:1
[INFO] [stdout]   |
[INFO] [stdout] 1 | #![feature(io)]
[INFO] [stdout]   | ^^^^^^^^^^^^^^^
[INFO] [stdout] 
[INFO] [stdout] 
[INFO] [stdout] warning: unused import: `Read`
[INFO] [stdout]  --> src/main.rs:5:28
[INFO] [stdout]   |
[INFO] [stdout] 5 | use std::io::{self, Write, Read};
[INFO] [stdout]   |                            ^^^^
[INFO] [stdout]   |
[INFO] [stdout]   = note: `#[warn(unused_imports)]` on by default
[INFO] [stdout] 
[INFO] [stdout] 
[INFO] [stdout] error[E0554]: `#![feature]` may not be used on the beta release channel
[INFO] [stdout]  --> src/main.rs:1:1
[INFO] [stdout]   |
[INFO] [stdout] 1 | #![feature(io)]
[INFO] [stdout]   | ^^^^^^^^^^^^^^^
[INFO] [stdout] 
[INFO] [stdout] 
[INFO] [stdout] warning: unused import: `Read`
[INFO] [stdout]  --> src/main.rs:5:28
[INFO] [stdout]   |
[INFO] [stdout] 5 | use std::io::{self, Write, Read};
[INFO] [stdout]   |                            ^^^^
[INFO] [stdout]   |
[INFO] [stdout]   = note: `#[warn(unused_imports)]` on by default
[INFO] [stdout] 
[INFO] [stdout] 
[INFO] [stdout] error[E0599]: no method named `chars` found for struct `std::io::Stdin` in the current scope
[INFO] [stdout]   --> src/main.rs:46:30
[INFO] [stdout]    |
[INFO] [stdout] 46 |     for input in io::stdin().chars(){
[INFO] [stdout]    |                              ^^^^^ method not found in `std::io::Stdin`
[INFO] [stdout] 
[INFO] [stdout] 
[INFO] [stdout] error: aborting due to 2 previous errors; 1 warning emitted
[INFO] [stdout] 
[INFO] [stdout] 
[INFO] [stdout] Some errors have detailed explanations: E0554, E0599.
[INFO] [stdout] 
[INFO] [stdout] For more information about an error, try `rustc --explain E0554`.
[INFO] [stdout] 
[INFO] [stdout] error[E0599]: no method named `chars` found for struct `std::io::Stdin` in the current scope
[INFO] [stdout]   --> src/main.rs:46:30
[INFO] [stdout]    |
[INFO] [stdout] 46 |     for input in io::stdin().chars(){
[INFO] [stdout]    |                              ^^^^^ method not found in `std::io::Stdin`
[INFO] [stdout] 
[INFO] [stdout] 
[INFO] [stderr] error: could not compile `autovaporwave`.
[INFO] [stderr] 
[INFO] [stderr] To learn more, run the command again with --verbose.
[INFO] [stderr] warning: build failed, waiting for other jobs to finish...
[INFO] [stdout] error: aborting due to 2 previous errors; 1 warning emitted
[INFO] [stdout] 
[INFO] [stdout] 
[INFO] [stdout] Some errors have detailed explanations: E0554, E0599.
[INFO] [stdout] 
[INFO] [stdout] For more information about an error, try `rustc --explain E0554`.
[INFO] [stdout] 
[INFO] [stderr] error: build failed
[INFO] running `Command { std: "docker" "inspect" "57b65575dcfc88436acff337652d58a0fd9f89f92dfe65edd2efd68edc2671cf", kill_on_drop: false }`
[INFO] running `Command { std: "docker" "rm" "-f" "57b65575dcfc88436acff337652d58a0fd9f89f92dfe65edd2efd68edc2671cf", kill_on_drop: false }`
[INFO] [stdout] 57b65575dcfc88436acff337652d58a0fd9f89f92dfe65edd2efd68edc2671cf
